{"id":10,"date":"2020-12-15T17:12:39","date_gmt":"2020-12-15T17:12:39","guid":{"rendered":"http:\/\/kajaaninharmonikkakerho.fi\/uusi\/?page_id=10"},"modified":"2026-03-31T23:19:35","modified_gmt":"2026-03-31T21:19:35","slug":"kajaanin-harmonikkakerho-ry","status":"publish","type":"page","link":"https:\/\/kajaaninharmonikkakerho.fi\/","title":{"rendered":"Etusivu"},"content":{"rendered":"\n<h2 class=\"wp-block-heading has-text-align-center Etusivuotsikko\"><strong>Kajaanin Harmonikkakerho <\/strong>ry<\/h2>\n\n\n<div class=\"wp-block-image\">\n<figure class=\"aligncenter size-full is-resized\"><img loading=\"lazy\" decoding=\"async\" width=\"640\" height=\"426\" src=\"https:\/\/kajaaninharmonikkakerho.fi\/wp-content\/uploads\/2026\/03\/Kerho.jpg\" alt=\"\" class=\"wp-image-1172\" style=\"width:655px;height:auto\" srcset=\"https:\/\/kajaaninharmonikkakerho.fi\/wp-content\/uploads\/2026\/03\/Kerho.jpg 640w, https:\/\/kajaaninharmonikkakerho.fi\/wp-content\/uploads\/2026\/03\/Kerho-300x200.jpg 300w\" sizes=\"auto, (max-width: 640px) 100vw, 640px\" \/><\/figure>\n<\/div>\n\n\n<p>Kerhotilamme ovat Kajaanissa Purolan vanhalla koululla PUPULASSA, Kansakoulunkatu 17, 87150 Kajaani. Harmonikkakerho kokoontuu\u00a0<a href=\"https:\/\/uusi.opistopalvelut.fi\/kaukametsa\/fi\">Kaukamets\u00e4n<\/a>\u00a0opiston opintopiirin\u00e4 tiistaisin klo 17:00 \u2013 18:30. Kerho on toiminut vuodesta 1984 l\u00e4htien. Pid\u00e4mme konsertteja, esiinnymme erilaisissa julkisissa tapahtumissa kuten Tervasoutun\u00e4yt\u00f6kset, Kouta-laivaristeilyt, Markkinakadulla, Pupulan laulajaiset, Linnanvirta, Paltamop\u00e4ivill\u00e4 jne. Teemme tanssikeikkaa. K\u00e4ymme soittamassa hoivakodeissa ja p\u00e4iv\u00e4toimintayksik\u00f6iss\u00e4. Esiinnymme my\u00f6s erilaisissa yksityistilaisuuksissa kuten h\u00e4iss\u00e4, hautajaisissa,  syntym\u00e4p\u00e4ivill\u00e4 ja muissa juhlatilaisuuksissa. Olemme aktiivisesti mukana erilaisisssa harmonikan soittoon liittyviss\u00e4 tapahtumissa valtakunnallisesti esim. harmonikkaristeilyt, Kivinavetan Harmonikka soi -tapahtumassa ja kansanmusiikkijuhlissa. Kerhomme soittajat ovat musiikin harrastajia. <\/p>\n\n\n\n<p>Kiinnostaako harmonikka musiikki? Tule mukaan toimintaamme !<\/p>\n\n\n\n<h5 class=\"wp-block-heading\">KES\u00c4NKAIKUJA KONSERTTI 1.3.2025 KAUKAMETS\u00c4SS\u00c4<\/h5>\n\n\n\n<p>Vierailevina esiintyj\u00e4: <strong>MARJO KINNUNEN, MAUNO SARAJ\u00c4RVI, EERO JOKELAINEN<\/strong><\/p>\n\n\n\n<div class=\"wp-block-group\"><div class=\"wp-block-group__inner-container is-layout-flow wp-block-group-is-layout-flow\">\n<div class=\"wp-block-group is-vertical is-layout-flex wp-container-core-group-is-layout-8cf370e7 wp-block-group-is-layout-flex\">\n<h6 class=\"wp-block-heading\"><strong>KERHON TANSSIKEIKAT 2026:<\/strong><\/h6>\n\n\n\n<ul class=\"wp-block-list\">\n<li>KES\u00c4NKAIKUJA KONSERTTI 1.3.2026 KLO 19 KAUKAMETS\u00c4N AULA<\/li>\n\n\n\n<li>KANSANPIRTTI SU 22.3.2026 KLO 16 &#8211; 20<\/li>\n\n\n\n<li>KANSANPIRTTI PE 12.6.2026  KLO 16 &#8211; 20                  <\/li>\n\n\n\n<li>VENEHEITON VASTUKSEN TALO LA 1.8.2026 KLO 20 &#8211; 24<\/li>\n<\/ul>\n<\/div>\n\n\n\n<h5 class=\"wp-block-heading\"><strong>Pupulan laulajaiset sunnuntaisin klo13-15. <\/strong><\/h5>\n\n\n\n<p><strong>25.1.2026, 22.2.2026, 22.3.2026,19.4.2026,17.5.2025<\/strong>. <strong> Tervetuloa mukaan laulamaan!<\/strong><\/p>\n\n\n\n<h5 class=\"wp-block-heading\">Harmonikan p\u00e4iv\u00e4 26.3. 2026<\/h5>\n\n\n\n<p>Kajaanin Harmonikkakerhon esiintymiset: Prisma klo 10.30 \u2013 11.30,  City-Market klo 14 \u2013 15, Uimahalli klo 16 -17<\/p>\n\n\n\n<p><strong>PALTANIEMIP\u00c4IV\u00c4T LA 11.7.2026 KLO 10 &#8211; 16<\/strong><\/p>\n\n\n\n<p><strong>TERVAKANAVAN SOUTUN\u00c4YT\u00d6KSET 2026 SUNNUNTAISIN HEIN\u00c4KUUSSA KLO 13 &#8211; 14<\/strong><\/p>\n\n\n\n<p><strong>KOUTALAIVARISTEILYT 2026 HEIN\u00c4KUUSSA KE, TO PE KLO 19 &#8211; 21:30<\/strong><\/p>\n\n\n\n<p><strong>HARMONIKAT SOI VENEHEITON KIVINAVETASSA SU 12.7.2026 KLO 18<\/strong> jo 15. kerran. Joukko harmonikan soittajia eri puolilta Suomea kokoontuu lavalle, navetta t\u00e4ynn\u00e4 yleis\u00f6\u00e4, yleis\u00f6 sanoo mit\u00e4 soitetaan. Kannattaa tulla kokemaan ainutlaatuinen tilaisuus! <\/p>\n\n\n\n<p><strong>KATSO TARKEMMIN SIVULTA ESIINTYMISET<\/strong><\/p>\n<\/div><\/div>\n","protected":false},"excerpt":{"rendered":"<p>Kajaanin Harmonikkakerho ry Kerhotilamme ovat Kajaanissa Purolan vanhalla koululla PUPULASSA, Kansakoulunkatu 17, 87150 Kajaani. Harmonikkakerho kokoontuu\u00a0Kaukamets\u00e4n\u00a0opiston opintopiirin\u00e4 tiistaisin klo 17:00 \u2013 18:30. Kerho on toiminut vuodesta 1984 l\u00e4htien. Pid\u00e4mme konsertteja, esiinnymme erilaisissa julkisissa tapahtumissa kuten Tervasoutun\u00e4yt\u00f6kset, Kouta-laivaristeilyt, Markkinakadulla, Pupulan laulajaiset, Linnanvirta, Paltamop\u00e4ivill\u00e4 jne. Teemme tanssikeikkaa. K\u00e4ymme soittamassa hoivakodeissa ja p\u00e4iv\u00e4toimintayksik\u00f6iss\u00e4. Esiinnymme my\u00f6s erilaisissa yksityistilaisuuksissa kuten&#8230;<\/p>\n","protected":false},"author":4,"featured_media":0,"parent":0,"menu_order":0,"comment_status":"closed","ping_status":"closed","template":"","meta":{"_kadence_starter_templates_imported_post":false,"_kad_post_transparent":"","_kad_post_title":"","_kad_post_layout":"","_kad_post_sidebar_id":"","_kad_post_content_style":"","_kad_post_vertical_padding":"","_kad_post_feature":"","_kad_post_feature_position":"","_kad_post_header":false,"_kad_post_footer":false,"footnotes":""},"class_list":["post-10","page","type-page","status-publish","hentry"],"_links":{"self":[{"href":"https:\/\/kajaaninharmonikkakerho.fi\/index.php?rest_route=\/wp\/v2\/pages\/10","targetHints":{"allow":["GET"]}}],"collection":[{"href":"https:\/\/kajaaninharmonikkakerho.fi\/index.php?rest_route=\/wp\/v2\/pages"}],"about":[{"href":"https:\/\/kajaaninharmonikkakerho.fi\/index.php?rest_route=\/wp\/v2\/types\/page"}],"author":[{"embeddable":true,"href":"https:\/\/kajaaninharmonikkakerho.fi\/index.php?rest_route=\/wp\/v2\/users\/4"}],"replies":[{"embeddable":true,"href":"https:\/\/kajaaninharmonikkakerho.fi\/index.php?rest_route=%2Fwp%2Fv2%2Fcomments&post=10"}],"version-history":[{"count":118,"href":"https:\/\/kajaaninharmonikkakerho.fi\/index.php?rest_route=\/wp\/v2\/pages\/10\/revisions"}],"predecessor-version":[{"id":1177,"href":"https:\/\/kajaaninharmonikkakerho.fi\/index.php?rest_route=\/wp\/v2\/pages\/10\/revisions\/1177"}],"wp:attachment":[{"href":"https:\/\/kajaaninharmonikkakerho.fi\/index.php?rest_route=%2Fwp%2Fv2%2Fmedia&parent=10"}],"curies":[{"name":"wp","href":"https:\/\/api.w.org\/{rel}","templated":true}]}}